ate the remainder when 268 is divided by x.
88
Calculate the remainder when 68/32 + -2 + (-21765)/(-24) is divided by 14.
11
Let t = -269 - -576. Calculate the remainder when t is divided by 31.
28
Let v(p) = 9*p**2 - 25*p - 55. Calculate the remainder when v(7) is divided by 71.
69
Let y(q) = 11*q + 1. Suppose u - t + 9 = 3, -3*u - 8 = 2*t. Calculate the remainder when y(2) is divided by (-9)/(6/u*1).
5
Suppose -142*h = -169*h + 378. Calculate the remainder when 147 is divided by h.
7
Suppose 6*y + 5*c - 84 = 2*y, -y + c = -30. What is the remainder when y is divided by 7?
5
Suppose -7*n + 31 - 10 = 0. Calculate the remainder when 288 is divided by n.
0
Suppose -8 = 5*g - g. Let c be 5*2 + (-4 - g). Suppose -c*n = -7*n - 19. What is the remainder when 73 is divided by n?
16
Let f(n) = -15*n**3 - n**2 + n + 1. Let q be 42/8 + 1/(-4). Suppose 9*t - 4*t + q = 0. Calculate the remainder when 41 is divided by f(t).
13
Let z = -18 - -36. Suppose -4*n + 5 = 3*t, n = 2*t + 14 + 1. Suppose n*d - z = 2. What is the remainder when 7 is divided by d?
3
Suppose -j + 4 = -m, 9 = 4*j - 0*j + 3*m. Suppose 2*p + 95 = 5*i - j*p, 0 = 5*i + 5*p - 45. What is the remainder when 25 is divided by i?
11
Suppose 3*a + 6*n = 2*n + 214, 5*n = -10. Calculate the remainder when 590 is divided by a.
72
Let a(x) = 2*x**2 - 40*x - 166. Calculate the remainder when 41 is divided by a(-4).
15
Suppose 365 + 39 = 4*j. Suppose -j = -5*i + 214. What is the remainder when i is divided by 11?
8
Let i = 285 + -184. What is the remainder when i is divided by 55?
46
Let x(m) = m**2 - 17*m + 25. Let g be x(13). Let r = -8 - g. What is the remainder when r is divided by 9?
1
Let c(g) = -g**2 + 8*g + 14. Let r be c(9). Suppose -5*k + 195 = r*m, 141 = 4*m - 3*k + 2*k. What is the remainder when 71 is divided by m?
35
Suppose 3*s = -5*r + 105, 6*s = 3*s - 2*r + 96. What is the remainder when 57 is divided by s?
27
Suppose 220*x = 221*x - 260. What is the remainder when x is divided by 29?
28
Let m = 37 - -5. What is the remainder when m is divided by (-15)/(-35) + 204/14?
12
Suppose -1671 + 5796 = 15*u. Suppose -3*a + 100 = -u. What is the remainder when a is divided by 14?
13
Suppose 0*g - 9*g + 126 = 0. What is the remainder when g is divided by 9?
5
Let j = -1901 - -1926. Suppose 0*w = w - 3. Calculate the remainder when j is divided by w.
1
Suppose -4*b + 11 = -k, -3*k + b - 3*b = 19. Calculate the remainder when 10 is divided by (-16)/(-10)*(k - (-190)/20).
2
Let k = -13 + -4. Let u = k - -75. Let x = u - 37. Calculate the remainder when x is divided by 8.
5
Let h = 60 + -58. What is the remainder when (-1 - (-40 + -1)) + h is divided by 15?
12
Let c be ((-2)/4)/(3/(-12)) - -3. Suppose -4*n + 5*n = -4*k - 12, c = -k. What is the remainder when n is divided by 2?
0
Let m(g) = -3*g - 18. Let k(t) = -11*t**3 - t**2. Let p be k(-1). Let w be m(p). Calculate the remainder when (-358)/(-12) + (-8)/w is divided by 8.
6
What is the remainder when (-2)/3 + 4812/36 is divided by 21?
7
Let z(c) = 121*c - 4*c**2 + 8*c**3 - 6 - 60*c - 56*c. Calculate the remainder when z(3) is divided by 48.
45
Suppose 4*c - 16 = -4*h, 0 = -63*h + 58*h + 2*c + 13. What is the remainder when 14 is divided by h?
2
What is the remainder when (0 + (-183)/(-12))/(45/900) is divided by 112?
81
Let p = 7 - 2. Let j(l) = l**2 + 6*l - 10. What is the remainder when j(-11) is divided by 2/(-5) - (-117)/p?
22
Suppose -9*c = -11*c + 36. Calculate the remainder when 42 is divided by c.
6
Let y be ((-168)/(-35) + -6)/((-2)/5). Suppose 4*d + 2*c = 6*c + 72, -y*c = -15. Calculate the remainder when d is divided by 14.
9
Let d = -69 + 196. Suppose j + 113 = d. Calculate the remainder when 41 is divided by j.
13
Suppose 732 = 264*n - 252*n. What is the remainder when 71 is divided by n?
10
Let o(l) = -l**3 + 6*l**2 - 4. What is the remainder when 248 is divided by o(5)?
17
Suppose -3*j - 5*s = -32 - 146, 2*j + 5*s = 127. Calculate the remainder when j is divided by 33.
18
Let h be 6/(-15) - (-4)/10. Suppose 4*c - 9*c + 35 = h. What is the remainder when 17 is divided by c?
3
Let c = 17 + -15. Suppose -5*t + c*k = -4*t - 8, 5*k + 65 = 5*t. Let o = t + -14. Calculate the remainder when 18 is divided by o.
2
Let t(i) = 8*i - 38. Let h be (-2)/(-3 - 52/(-18)). Suppose -h = q - 5*b, 6*q = q - 3*b + 50. What is the remainder when t(7) is divided by q?
4
Suppose 2*c + 22*x - 106 = 20*x, -c + 49 = -3*x. What is the remainder when c is divided by 29?
23
Let o = 914 - 615. Calculate the remainder when o is divided by 10.
9
Suppose -3*d = -4*d - 3*j - 2, -3*d + 3*j + 18 = 0. Let a = -1 - -1. Calculate the remainder when (a - (-4 - -2)) + 13 is divided by d.
3
Let n = -9 - -19. Let q = 12 - n. Suppose -3*d + q*d = -5. What is the remainder when 7 is divided by d?
2
Let d be 24/(-16) - (-2)/(-4). Let c = 4 + d. Suppose -2*i - 47 = 3*h - 6*h, 2*i = c*h - 32. What is the remainder when 42 is divided by h?
12
Let o = -28 + 44. Suppose -p - 5*b = -23, 2*b - b + 8 = 4*p. Suppose -308 = -k - p*k. What is the remainder when k is divided by o?
13
Let r = 899 - 895. What is the remainder when 53 is divided by r?
1
Let j(v) = -v**3 - 4*v**2 + 67*v + 566. What is the remainder when j(-8) is divided by 17?
14
Let t be -1*(-4)/8*0. Suppose -a + t*a + 49 = 0. Calculate the remainder when 94 is divided by a.
45
Suppose 5*l + 0*l - 95 = 0. Let r(n) = 8*n**3 - n**2. Let h be r(-1). Calculate the remainder when l is divided by 12/6 - (h + 0).
8
Let s(v) = -v**2 - 53*v + 9. Calculate the remainder when 62 is divided by s(-52).
1
Suppose 345 = 5*r - 610. What is the remainder when r is divided by 48?
47
Let x = 1373 + -1336. Calculate the remainder when 91 is divided by x.
17
Suppose 0 = -91*o + 82*o + 162. What is the remainder when 514 is divided by o?
10
Suppose 2296 = -27*a + 35*a. Calculate the remainder when a is divided by 32.
31
Suppose 3*v + 35 = -13. Let k = v + 19. Suppose k*p + 5 = 2*p, -2*n + 5*p = -117. Calculate the remainder when n is divided by 16.
14
Suppose 3*u = 2*u + 5. Suppose q = u*q - 36. What is the remainder when 17 is divided by q?
8
Let k be ((-12)/(-14))/((-4)/(-14)). Suppose 4*o - 14 = w - 6*w, -w - k*o - 6 = 0. What is the remainder when 10 is divided by w?
4
Let l(d) = -2*d + 41. Suppose 107 = 5*r - x, -3*r - 2*x + 94 = r. What is the remainder when l(-11) is divided by r?
19
Suppose 3*y = f + 42, -4*y = -73*f + 68*f - 78. Calculate the remainder when 1/3 - (-65)/3 is divided by y.
10
Suppose 28*q - 57*q = -986. What is the remainder when 236 is divided by q?
32
Suppose 3*i + 2*m - 131 = 144, -2*m = -5*i + 469. Suppose 5*t - 280 = -5*v, 0 = 3*t + v - i - 83. What is the remainder when t is divided by 21?
18
Suppose -5*t + 357 = -378. Suppose 3*m + z - 42 = 67, 5*m - 183 = -z. Calculate the remainder when t is divided by m.
36
Let l = 77 - 3. Suppose 8*v - l = 70. Calculate the remainder when 49 is divided by v.
13
What is the remainder when 51 + 2 + 3 + -10 is divided by 44?
2
Let f(r) = -14. Let j(a) = -a - 14. Let d(c) = -2*f(c) + 3*j(c). Calculate the remainder when 45 is divided by d(-10).
13
Let s = 643 + -512. Calculate the remainder when s is divided by 22.
21
Let c(h) = -3*h**2 + 7*h + 6. Let v be c(6). Let y = v - -97. Calculate the remainder when 108 is divided by y.
34
What is the remainder when 2999/5 + -9 + 4/(-5) is divided by 22?
18
Let t be (-4)/(2 - 84/44). Let u = 60 + t. Calculate the remainder when 28 is divided by u.
12
Let l = 42 + -21. Suppose 3*r = 0, 162 = 5*n + 5*r - 143. Calculate the remainder when n is divided by l.
19
Suppose -112 = -2*w - p, 0 = 3*w + p - 146 - 20. What is the remainder when w is divided by 15?
9
Let m(v) = v**2 + 2*v + 1. Let g be m(-1). Suppose -2*p - w + 151 = 0, g*p - 5*w - 157 = -2*p. What is the remainder when p is divided by 26?
24
Suppose -4 = -5*u + 71. What is the remainder when (-27)/(-36) + 1/4 + 57 is divided by u?
13
Suppose -9 - 1 = -3*s - 5*j, 5*s - 3*j = 28. Suppose 0 = -s*i - 188 + 668. What is the remainder when i is divided by 25?
21
Suppose 2*h + 178 = 5*p, -4*h + 80 = 2*p - 7*h. What is the remainder when p is divided by 6?
4
Let f(x) = -102*x - 29. Let h be f(-3). Let v = h + -137. Calculate the remainder when v is divided by 48.
44
Suppose -46 = -t - r, -4*